 the remainder when 5215 is divided by 664?
567
Calculate the remainder when 916 is divided by 229.
0
Calculate the remainder when 4001 is divided by 16.
1
Calculate the remainder when 6208 is divided by 2067.
7
What is the remainder when 11185 is divided by 59?
34
Calculate the remainder when 2359 is divided by 11.
5
What is the remainder when 10106 is divided by 119?
110
What is the remainder when 31470 is divided by 6291?
15
Calculate the remainder when 2446 is divided by 118.
86
Calculate the remainder when 10903 is divided by 58.
57
What is the remainder when 12743 is divided by 794?
39
What is the remainder when 52797 is divided by 800?
797
Calculate the remainder when 120289 is divided by 29.
26
Calculate the remainder when 703 is divided by 299.
105
Calculate the remainder when 2071 is divided by 504.
55
What is the remainder when 267044 is divided by 66755?
24
What is the remainder when 14798 is divided by 2957?
13
What is the remainder when 713955 is divided by 1146?
1143
What is the remainder when 28328 is divided by 96?
8
What is the remainder when 7999 is divided by 2602?
193
Calculate the remainder when 11121 is divided by 158.
61
Calculate the remainder when 891815 is divided by 12.
11
Calculate the remainder when 96922 is divided by 941.
940
What is the remainder when 105209 is divided by 8767?
5
Calculate the remainder when 25451 is divided by 21.
20
What is the remainder when 229624 is divided by 52?
44
Calculate the remainder when 99572 is divided by 99559.
13
Calculate the remainder when 82618 is divided by 16.
10
What is the remainder when 1051 is divided by 237?
103
What is the remainder when 64477 is divided by 32217?
43
Calculate the remainder when 20861 is divided by 111.
104
What is the remainder when 21690 is divided by 17?
15
What is the remainder when 3076 is divided by 42?
10
What is the remainder when 25216 is divided by 1576?
0
Calculate the remainder when 818084 is divided by 111.
14
What is the remainder when 485 is divided by 109?
49
Calculate the remainder when 2385 is divided by 594.
9
What is the remainder when 26879 is divided by 413?
34
What is the remainder when 64090 is divided by 674?
60
Calculate the remainder when 1434 is divided by 41.
40
What is the remainder when 9763927 is divided by 55?
52
What is the remainder when 3766 is divided by 1100?
466
What is the remainder when 246407 is divided by 704?
7
Calculate the remainder when 9080 is divided by 3024.
8
What is the remainder when 18085 is divided by 1004?
13
What is the remainder when 9746 is divided by 30?
26
What is the remainder when 71995 is divided by 27?
13
Calculate the remainder when 2486 is divided by 240.
86
Calculate the remainder when 1287 is divided by 1021.
266
Calculate the remainder when 4843 is divided by 457.
273
What is the remainder when 40075 is divided by 170?
125
Calculate the remainder when 24964 is divided by 8212.
328
Calculate the remainder when 100968 is divided by 1110.
1068
What is the remainder when 4099 is divided by 1015?
39
What is the remainder when 4953 is divided by 225?
3
Calculate the remainder when 48540 is divided by 300.
240
What is the remainder when 3523 is divided by 114?
103
What is the remainder when 4763 is divided by 66?
11
Calculate the remainder when 2266 is divided by 44.
22
Calculate the remainder when 64408 is divided by 244.
236
What is the remainder when 7204 is divided by 1797?
16
Calculate the remainder when 7528 is divided by 832.
40
What is the remainder when 11080352 is divided by 13?
10
Calculate the remainder when 308727 is divided by 44103.
6
What is the remainder when 37449 is divided by 55?
49
Calculate the remainder when 18551 is divided by 652.
295
What is the remainder when 3460 is divided by 582?
550
What is the remainder when 14917 is divided by 18?
13
What is the remainder when 5979 is divided by 1987?
18
Calculate the remainder when 60 is divided by 29.
2
Calculate the remainder when 4804 is divided by 863.
489
What is the remainder when 9208 is divided by 718?
592
Calculate the remainder when 9041 is divided by 302.
283
Calculate the remainder when 67249 is divided by 26.
13
What is the remainder when 41172 is divided by 61?
58
Calculate the remainder when 102295 is divided by 20453.
30
What is the remainder when 57835 is divided by 242?
239
What is the remainder when 2393 is divided by 1178?
37
What is the remainder when 7666236 is divided by 62?
60
What is the remainder when 375106 is divided by 3206?
4
Calculate the remainder when 6824 is divided by 6785.
39
What is the remainder when 150779 is divided by 304?
299
Calculate the remainder when 48535 is divided by 6066.
7
Calculate the remainder when 14721 is divided by 128.
1
What is the remainder when 6545 is divided by 3258?
29
What is the remainder when 7803 is divided by 1536?
123
What is the remainder when 20357 is divided by 6785?
2
What is the remainder when 6168 is divided by 49?
43
Calculate the remainder when 5703 is divided by 184.
183
Calculate the remainder when 42451 is divided by 7073.
13
Calculate the remainder when 847 is divided by 373.
101
Calculate the remainder when 176 is divided by 86.
4
Calculate the remainder when 105148 is divided by 59.
10
Calculate the remainder when 18380 is divided by 18374.
6
Calculate the remainder when 2761 is divided by 2761.
0
Calculate the remainder when 1561 is divided by 316.
297
Calculate the remainder when 17249 is divided by 557.
539
What is the remainder when 39169 is divided by 568?
545
What is the remainder when 9257494 is divided by 564?
562
Calculate the remainder when 192028 is divided by 39.
31
Calculate the remainder when 110327 is divided by 59.
56
What is the remainder when 20032 is divided by 14?
12
Calculate the remainder when 18259 is divided by 609.
598
Calculate the remainder when 128891 is divided by 6783.
14
What is the remainder when 5968 is divided by 237?
43
What is the remainder when 11070 is divided by 3671?
57
Calculate the remainder when 3837 is divided by 743.
122
What is the remainder when 12174 is divided by 68?
2
Calculate the remainder when 272873 is divided by 267.
266
What is the remainder when 2512 is divided by 790?
142
What is the remainder when 7444 is divided by 138?
130
Calculate the remainder when 184258 is divided by 74.
72
What is the remainder when 2772696 is divided by 28?
24
What is the remainder when 19434 is divided by 19429?
5
Calculate the remainder when 59695 is divided by 44.
31
What is the remainder when 56927 is divided by 72?
47
What is the remainder when 77640 is divided by 70?
10
Calculate the remainder when 261035 is divided by 36.
35
Calculate the remainder when 28196 is divided by 14081.
34
Calculate the remainder when 1743759 is divided by 40.
39
What is the remainder when 1968 is divided by 838?
292
Calculate the remainder when 14440 is divided by 14433.
7
What is the remainder when 4374 is divided by 116?
82
What is the remainder when 38220 is divided by 136?
4
What is the remainder when 4173 is divided by 186?
81
What is the remainder when 32322 is divided by 431?
428
Calculate the remainder when 3797 is divided by 171.
35
What is the remainder when 13112 is divided by 21?
8
What is the remainder when 7958 is divided by 1676?
1254
What is the remainder when 92010 is divided by 11497?
34
What is the remainder when 170814 is divided by 157?
155
What is the remainder when 39599 is divided by 528?
527
Calculate the remainder when 10417 is divided by 5204.
9
Calculate the remainder when 178187 is divided by 62.
61
Calculate the remainder when 21821 is divided by 200.
21
Calculate the remainder when 249364 is divided by 28.
24
What is the remainder when 91115 is divided by 600?
515
Calculate the remainder when 1081463 is divided by 35.
33
What is the remainder when 19082 is divided by 1192?
10
What is the remainder when 373691 is divided by 12?
11
Calculate the remainder when 280306 is divided by 213.
211
What is the remainder when 13435 is divided by 558?
43
What is the remainder when 138893 is divided by 890?
53
What is the remainder when 2468 is divided by 194?
140
Calculate the remainder when 393880 is divided by 10365.
10
What is the remainder when 31113 is divided by 12?
9
Calculate the remainder w